 73*f - 39*f - 50150. What is the hundreds digit of f?
4
Suppose 5*l = 5*q + 3300, 0 = -5*l + 16*q - 12*q + 3297. What is the units digit of l?
7
Let i(l) = -l**2 + l + 8. Let r = 20 - 27. Let g be i(r). What is the tens digit of ((-6)/9)/(2/g)?
1
Let a(l) be the first derivative of -l**4/4 + 3*l**3 + 11*l**2/2 + 14*l - 3. Suppose -3*p + 24 = -6. What is the tens digit of a(p)?
2
Let x(m) = m**3 - 6*m**2 - 3*m - 6. Let z(l) = -2*l**3 + 12*l**2 + 6*l + 13. Let q(k) = -5*x(k) - 2*z(k). Let r = 5 + 1. What is the tens digit of q(r)?
2
Let x(s) = 177*s - 189. What is the hundreds digit of x(5)?
6
Let b = -853 - -1794. What is the units digit of b?
1
Let q(h) = -4*h**3 + 2*h**2 + 2*h - 5. Let i be q(4). Let g = i - -325. What is the units digit of g?
4
Let x = 52 + -48. What is the units digit of -6*x/8 - -65?
2
What is the units digit of (-723)/15*-5 - -4?
5
Let f be (3 + -7)*15/(-10). Suppose -3*t = -4*h + h, -t = h - f. Suppose -t*p = -16 - 5. What is the units digit of p?
7
Let x = -22 - -28. Suppose -2*t + x = -4. Suppose -v + 0*v = 2*z - 35, 0 = -t*v + 3*z + 240. What is the units digit of v?
5
What is the thousands digit of (-4)/6*(-4)/(112/197862)?
4
Suppose -1 = -n + 2. Let q be n - 4/2 - -2. What is the units digit of q/(-12) - 41/(-4)?
0
What is the tens digit of 372*(4 - (-3)/6) + -5?
6
Let q be 18/4 + 6/(-12). Suppose 3*m + 0*m = -q*x + 336, 15 = 5*x. What is the hundreds digit of m?
1
Let o(r) = -16*r - 36. Let m be 6/(-3)*(0 - 3 - -5). What is the tens digit of o(m)?
2
Let a(n) = 5*n**2 + 36*n + 144. What is the units digit of a(-15)?
9
Suppose 69*w - 68*w - 163 = 0. What is the units digit of w?
3
What is the tens digit of ((-2532)/8)/((28/(-8))/7)?
3
Let u(z) = z**3 - 14*z**2 + z + 19. Let t = -14 + 28. Let g be u(t). Let k = -24 + g. What is the units digit of k?
9
Let p = 1286 - -239. What is the thousands digit of p?
1
Let u(l) = 4 - l**2 - 5 + 15*l - 3*l + l. Let s be 2/(-2) - (-22)/2. What is the tens digit of u(s)?
2
Let x = -1188 - -2002. What is the hundreds digit of x?
8
Suppose -1 = -2*g + 2*u + 57, g - 25 = 2*u. Let o = 106 - g. What is the tens digit of o?
7
Suppose 3*s + 0 = 4*z + 24, -3*z = 2*s + 1. Suppose 5*p - s*p = 66. What is the units digit of p?
6
Suppose 8 - 26 = -3*s. Suppose s*l - 94 = 5*l. What is the units digit of l?
4
Let a(z) = z**3 - 11*z**2 - 10*z - 6. Let y be a(12). Let s be 3/(-5) + y/(-45). What is the units digit of -11*(-4 + (-3)/s)?
1
Let v = 15 + -13. Suppose -v*x - 40 + 10 = 0. Let r = 42 + x. What is the tens digit of r?
2
Suppose 0*n = -4*n + 48. Let j = -2 - -48. Let h = j - n. What is the tens digit of h?
3
Suppose 5*d + 3*f - 3563 = 0, -4*d - 3558 = -9*d + 2*f. What is the hundreds digit of d?
7
Let u = 816 - -460. What is the thousands digit of u?
1
Let f(w) = 50*w - 14*w + 33*w. Let v be f(1). Suppose -q = 2*q - v. What is the tens digit of q?
2
Let m = 19 - 7. Suppose -4*k = 2*k - m. What is the units digit of (-138)/(-18)*(k + 4)?
6
Suppose 4*y + 5*l + 85 = 0, -3*l - 91 = 5*y - 1. Let k = -13 - y. What is the units digit of k + 0 - (8 - 10)?
4
Let m(v) = v**2 - 7*v + 19. Suppose 0 = -5*n + 4*b + 61, -n = -2*b + 7*b + 11. What is the units digit of m(n)?
7
Suppose -17*q + 45896 - 4144 = 0. What is the units digit of q?
6
Let i = -29 - -28. Let k(n) be the third derivative of 7*n**5/10 - n**4/24 - n**3/6 + 2*n**2. What is the tens digit of k(i)?
4
Let z be 2 + ((-88)/(-4) - -4). Let o be (6/4)/(21/z). Suppose o*h - 122 = -5*j, 3*j + h - 126 = -2*j. What is the tens digit of j?
2
Suppose 44*y - 51*y + 21 = 0. Suppose j + 609 = 3*g, 5*j = -y*g - 0*j + 591. What is the units digit of g?
2
Let m(u) = u**2 + 3. Suppose 0 = -o + 2 + 1. Let y be m(o). Suppose 2*p - y = -c, -3*p + 4*p - 6 = -4*c. What is the units digit of p?
6
What is the hundreds digit of 204/357 - (-18469)/7?
6
Let j be (-2)/16*-2 + 3640/32. Suppose -2*n + j = 3*y, -7*y + 6*y = -5*n + 268. What is the tens digit of n?
5
Suppose 24 = -n + 3*n. Let v = 34 - n. What is the tens digit of v?
2
Suppose -45*o + 51*o = 24. Let w(z) = 22*z - 6. What is the tens digit of w(o)?
8
Suppose y - 2*n = 0, -n + 2*n = 5*y - 27. Let l be 22/12 - (-1)/y. Let x = l + 0. What is the units digit of x?
2
Let n(g) = -g**3 - 7*g**2 - 7*g - 6. Let m be n(-6). Suppose -w - 4*w + 35 = m. Suppose -t = -0*i - 4*i + w, -2*t = -5*i + 5. What is the units digit of i?
3
What is the units digit of ((104/20)/13)/(2/1640)?
8
Let w(t) = 1 + 4285*t + 2 - 4244*t. What is the hundreds digit of w(5)?
2
Let x(b) = -b**3 - b**2 + 4*b + 3. Suppose -3*f - 6 = -0. Let z be x(f). Let l(w) = -42*w - 2. What is the tens digit of l(z)?
4
Let c(y) be the second derivative of y**4/12 + y**3 + 2*y**2 + 3*y. Suppose -5*z - 2*p - 11 - 21 = 0, 4*p = z + 2. What is the units digit of c(z)?
4
Let q(v) = 3*v**3 - 27*v**2 + 98*v - 8. What is the units digit of q(4)?
4
Let q = -3 + 83. Let x = 123 - q. What is the units digit of x?
3
Let g be 2/(4*1/8). Suppose 0 = -g*r + 7*r - 642. What is the tens digit of r?
1
Suppose g + 0*g - 4 = 0. Suppose 2*c = m - 14, -7*m + 2*m + g*c = -46. What is the tens digit of 44/m*(-3)/(-2)?
1
Suppose -5*n + 10 = 0, 0 = 7*x - 2*x + 3*n - 471. Suppose 77 = 2*a - 2*o - x, a + 4*o = 95. What is the tens digit of a?
8
Let a(s) = s**3 + 10*s**2 - s - 8. Let w be a(-10). Suppose -3*h - o + 299 = 0, w*h - 4*o - 192 = -o. What is the units digit of h?
9
Let s(t) = 4*t**2 - 4*t - 15. Let i be s(5). What is the tens digit of ((-2)/2 - i)/(-1)?
6
Let i be ((-24)/(-28))/((-2)/(-14)). Suppose -5*z + i*z - 5 = 0. Suppose -z*r + 3*v = -0*r - 115, 0 = v + 5. What is the units digit of r?
0
Suppose -3*v - 2*v - 12 = -2*o, v = 3*o - 31. Let k(l) = -l**3 + 12*l**2 - 8*l + 11. What is the units digit of k(o)?
4
Let u = 8 - 8. Suppose -h + 1 - 3 = u. What is the units digit of h/(-6)*(-105)/(-7)?
5
Let n = -15 - -21. Suppose 4 + n = 2*z. Suppose -4*p + 179 = h - 2*h, -2*h = z*p - 240. What is the tens digit of p?
4
Let j(m) be the first derivative of m**4/4 + m**3/3 - 7*m**2 + 5*m + 14. What is the units digit of j(6)?
3
Suppose 775*d = 787*d - 9312. What is the tens digit of d?
7
Let r be 16 + -2*(-5)/(-10). Suppose t = -4*t + r. Suppose t*u - k = -3*k + 192, 2*u - 5*k - 128 = 0. What is the units digit of u?
4
Let w = -222 - -781. What is the tens digit of w?
5
Suppose 3*u + 5*n = 4*u + 11, -5*u - 2*n = -26. Suppose -5*v = -10*v - u*b + 12, -v = -2*b + 6. Suppose v*p = -p + 30. What is the tens digit of p?
3
Let n be 3/(-15) + (-112)/(-10). Suppose -l - 23 = -3*k + l, -4*l = k + n. Suppose -5*m + 171 = 4*j - 2*j, -m = -k. What is the units digit of j?
3
Let h be 5/(-1 + (-6)/(-4)). Let g be -1*4/(-12)*135. Suppose -h*x = -7*x - g. What is the units digit of x?
5
Suppose 4 = 2*n - 4. Suppose q - 1 = n. Suppose 7 + 12 = 2*t + q*o, -3*o - 3 = 0. What is the units digit of t?
2
Let b = -3 + 5. What is the units digit of (b + 260/25)*5?
2
Suppose -6965 = -7*r + 91. What is the thousands digit of r?
1
Let i be 6/39 - 3960/(-117). Suppose 3*h - i = 4*r + 17, -3*h = 2*r - 33. What is the units digit of h?
3
Let a be (-72)/20 + 4/(-10). Let u = -2 - a. Suppose 3*g + u*i = -g + 70, -g + 20 = 3*i. What is the units digit of g?
7
Let c = 16 + -19. Let y be 137 - (c + 2)*3. What is the units digit of 2/(-6) - y/(-15)?
9
Suppose -124 = -q + 5*t + 56, 2*q - 2*t = 352. What is the tens digit of q?
7
Let b(d) = -15*d + 0 - 2 + 32*d - d**2. What is the tens digit of b(13)?
5
Let n(i) = -i**2 - 2*i + 4. Let f be n(0). Let g = 19 - f. What is the tens digit of g?
1
Suppose 0 = -5*j - 4*t - 55, -3*t = 2*j - 6 + 21. Let x be (12/9)/((-2)/j). What is the units digit of x*(-1 + 2) - 0?
0
Suppose 0 = 3*c + c - 3*t - 1488, 4*t = -2*c + 766. What is the units digit of c?
5
Let k(z) = -32*z + 14. Let i(g) = -32*g + 14. Let o(d) = -5*i(d) + 4*k(d). What is the tens digit of o(3)?
8
Suppose 3*q - 279 = -3*w, -189 = -6*q + 4*q - 3*w. Suppose -5*k + q - 10 = 0. What is the tens digit of k?
1
Suppose h + 4*b = 17, -5*h - b + 40 = 4*b. Suppose h*n = 6*n - 127. What is the units digit of n?
7
Suppose -5*s + s + 2*g + 34 = 0, 4*s - 3*g = 39. Let v = s + 4. What is the units digit of v?
0
Suppose 7*a = 4301 + 1649. What is the units digit of a?
0
Let c(b) = 4*b**2 - b - 1. Let o be c(-3). Let y be -3*(o